tive of a**4/4 - a**3/3 + 130*a + 7. What is the remainder when j(0) is divided by 33?
31
Suppose -f - 8*f = 2115. Let i = f + 304. What is the remainder when i is divided by ((-1)/1)/((-4)/56)?
13
Suppose 60*n - 65*n = -2*g - 28, -4*n + 4 = 3*g. Suppose 3*f = 4*m + 103 - 43, -73 = -4*f + 3*m. What is the remainder when f is divided by n?
0
Let u(i) = -38*i + 867. Calculate the remainder when 320 is divided by u(20).
106
Suppose -558*s = -550*s + 272. Suppose 5*m + 22 = 222. Let z = m + s. Calculate the remainder when 23 is divided by z.
5
Suppose -5 = h, 2866 = -p + 4*p - 2*h. What is the remainder when 203 is divided by (p/98)/(2/7)?
33
Suppose -i = -0 - 4. Suppose 5*o + 124 = 3*s, -2*o - 66 = -i*s + 76. What is the remainder when 2/(-2) + 127 + 1 is divided by s?
28
Let l(m) be the second derivative of -2*m**3/3 + 5*m**2/2 + m. Let q = -424 - -435. What is the remainder when l(-6) is divided by q?
7
Suppose 2*h - 277*s - 228 = -276*s, 0 = -4*s - 24. What is the remainder when 232 is divided by h?
10
Let z = 218 - 233. Let g(n) = n**2 + 13*n - 13. What is the remainder when 25 is divided by g(z)?
8
Suppose 154*h - 107*h - 423 = 0. Calculate the remainder when (-4)/3*(-522)/12 is divided by h.
4
Suppose -189 = -t + 2*n - 178, -5 = 5*n. Let b(y) = y**3 - 7*y**2 + 2*y - 1. Calculate the remainder when b(8) is divided by t.
7
What is the remainder when 231 is divided by (8/7)/((-46)/(-161)) - -52?
7
Suppose 5*m - 302 = 6*m - 2*p, 6 = 3*p. Let u = m + 607. Calculate the remainder when u is divided by 78.
75
Let o be (0 + 8)/(1 + 1). Let f be 329/(-63) - -5 - (-1487)/9. Suppose -o*q + 47 = -f. What is the remainder when q is divided by 14?
11
Let c be (-63)/(9 + -2) - -5. Calculate the remainder when 81 is divided by (-10)/c*84/(-35)*-2.
9
Suppose 4*m - 51 = 5*i, -45 = -4*m + 5*i - 2*i. Suppose -s = m*s. Suppose s = -u + 5*u - 52. Calculate the remainder when u is divided by 8.
5
Let f = 2370 + 15692. What is the remainder when f is divided by 27?
26
Suppose 0 = -59*h + 4*h + h + 585576. Calculate the remainder when h is divided by 11.
9
Suppose -11*g = 1033 + 1255. Let q = g - -276. Suppose 3*z - 38 = d - 3*d, -5*z = -4*d - 78. Calculate the remainder when q is divided by z.
12
Suppose -22360 - 21112 - 51778 = -250*k. Calculate the remainder when k is divided by 359.
22
Suppose -8*j = -10*j + 22. Suppose -4*t = -405 + 245. Calculate the remainder when t is divided by j.
7
Suppose -5*m + 2687 = 642. Let d = m + -368. Calculate the remainder when d is divided by 14.
13
Suppose 2*z - 4*u = u + 61, -2*u = 4*z - 158. Suppose r + 4*i + z = 3*r, 46 = 4*r + 2*i. What is the remainder when 128 is divided by r?
11
Let s(l) = -l**3 + 1. Let w(u) = -3*u**3 - 8*u**2 + 14*u - 1. Let p(x) = -4*s(x) + w(x). Calculate the remainder when 18 is divided by p(6).
4
Suppose 576 = 5*s + s. Let a be (3 + -2)/((-10)/(-150)). Suppose -3*k + 12 + a = 0. Calculate the remainder when s is divided by k.
6
Suppose -b + 5*j - 17 = -4*b, b - 17 = 4*j. Suppose -357 = -b*n + 6*n. Suppose -8*v + 25 + n = 0. What is the remainder when 159 is divided by v?
15
Suppose -5 = -5*h, 0 = 2*v - 0*v + 3*h - 3. Suppose 11*g - 344 + 102 = v. What is the remainder when 97 is divided by g?
9
Let t be 2 + (-18)/6 - 0. What is the remainder when 46 is divided by 8 - (t + 9 + -7)?
4
Suppose 0 = -5*u - 5*t - 20 + 75, -16 = -4*t. What is the remainder when 62 is divided by u - 3/((-15)/50)?
11
Let p be (302/6*-1)/((-5)/15). Suppose 0 = -14*a + p + 199. Calculate the remainder when 48 is divided by a.
23
Suppose -34*q + 0 + 53 + 49 = 0. Suppose -4*r - a - 4*a = -108, 0 = 2*a. Calculate the remainder when r is divided by q.
0
Let s = 204 - 6. Suppose -8*r - 14*r + s = 0. What is the remainder when 62 is divided by r?
8
Suppose -2*p + 38*y + 276 = 34*y, 5*p + y = 646. Calculate the remainder when 206 is divided by p.
76
Suppose 0 = 4*p - 34 - 22. Let c = -5253 - -5270. Calculate the remainder when c is divided by p.
3
Suppose 5*m = -14*a + 9*a + 330, -3*a = 2*m - 132. What is the remainder when 247 is divided by m?
49
Let k = 8390 - 8343. Calculate the remainder when k is divided by 1*(8 + -1)/1.
5
Suppose 5*t - 58 - 67 = 0. Suppose 14 = 3*r - 2*w, -w + 11 + 2 = r. Let h(k) = k**2 - 3*k + 31. What is the remainder when h(r) is divided by t?
21
Let p(f) = f**3 + 7*f**2 + 5*f - 1. Let a be p(-3). Let n = 17 + a. Suppose -q + 55 = 4*q. Calculate the remainder when n is divided by q.
4
Suppose -69 + 57 = -3*d. Let s(x) = 15*x**2 + x - 1. Calculate the remainder when 25 + -1*(1 - d) is divided by s(1).
13
Let n be -5 - 9*(-44)/(-12). Let c = n - -115. What is the remainder when c is divided by 39?
38
Let x(z) = 16*z + 614. What is the remainder when 5658 is divided by x(-36)?
34
Let p be 38/(-6)*(-24)/8. Suppose -6*b + 5 = -p. What is the remainder when 197 is divided by (b - 24/(-4))/(2/8)?
37
Suppose 0 = -4*b + 5*v + 209, b = -3*v + v + 36. Suppose 411*y - 360 = 396*y. What is the remainder when b is divided by y?
22
Suppose -839 = -i - 3*g, 3725 = -4*i + 4*g + 7177. What is the remainder when i is divided by 277?
26
Suppose -3*h = 553 - 148. Let k = 3248 - 3338. Let w = k - h. What is the remainder when w is divided by 16?
13
Let i(j) = -17*j + 386. Let c be i(19). Calculate the remainder when (-16)/((-35)/c + 4/12) is divided by 13.
7
Let m(d) = 2*d**2 + 30*d - 100. What is the remainder when 1206 is divided by m(4)?
10
Suppose 982 = -5*f - 3*l - 3438, 5*l - 2652 = 3*f. Let o = f + 931. What is the remainder when 140 is divided by o?
46
Suppose -1329 = -3*u - 3*a, 3*u - 1268 - 47 = -5*a. Calculate the remainder when u is divided by 140.
30
Let b(g) = 24*g - 304. Calculate the remainder when b(17) is divided by 29.
17
Let r(i) = -21*i + 3116. Calculate the remainder when r(111) is divided by 254.
23
Suppose 0 = -4*w + 40 - 8. Suppose -25 = -3*t + w. Let j(l) = l**2 - 292*l - 12152. Calculate the remainder when j(329) is divided by t.
10
Suppose 0 = -d + 8 + 2. Let n(b) = -b**3 + 11*b**2 - 6*b - 29. What is the remainder when 20 is divided by n(d)?
9
Let f be ((-18)/(-3))/((-11)/((-99)/6)). Let z(q) = 3*q**2 - 6*q - 162. What is the remainder when z(f) is divided by 57/4 + 2/(-8)?
13
Suppose 0 = -4*f + k - 666, 2*f + 5*k = -0*f - 344. Let s = 215 + f. Calculate the remainder when 92 is divided by s.
44
Suppose 5*c + 9 = 2*p, 24 = -4*p - 2*c - 2*c. Calculate the remainder when (-3 - (2 + -3))/(p/18) is divided by 5 - (13/26)/(1/(-2)).
0
Let l = -5907 + 10358. What is the remainder when l is divided by 42?
41
Let x(a) = a**2 - 15*a + 16. Let w be x(12). Suppose 0 = -30*p + 35*p - 310. What is the remainder when p is divided by (4/(-5))/(w/500)?
2
Suppose -2*g = 2*n - 70, -g - 165 = -180*n + 176*n. What is the remainder when 279 is divided by n?
39
Suppose 255 = -1423*w + 1424*w - 4*k, -4*k = w - 199. What is the remainder when w is divided by 6/(-15) + 167/5?
29
Suppose 0 = 78*p + 78*p - 4212. Let y be (-1 + -301)*-1 + -2. Let m = y + -166. What is the remainder when m is divided by p?
26
Let g(f) = -29*f - 22. Let s(a) = 14*a + 11. Let i(n) = 2*g(n) + 5*s(n). Calculate the remainder when i(3) is divided by 44.
3
Let x(q) = -2*q**3 - 38*q**2 - 52*q - 43. What is the remainder when x(-19) is divided by 38?
33
Suppose 162*c = -2*c + 37720. Suppose 5*f - 5 = 0, 5*w - 2*f - 103 = -0*f. What is the remainder when c is divided by w?
20
Suppose -m = 6*m - 49. Suppose 2*q + m = b, -3*b + 2*q = -b - 12. Suppose 0 = 2*j + b*g - 361, -j + 113 = g - 66. What is the remainder when j is divided by 12?
10
Let p = 5762 - 5224. What is the remainder when p is divided by 11?
10
Suppose 2*m + 80 = 3*k, 0 = k + 4*m + m - 38. Let d(w) = 10*w - 100. Calculate the remainder when k is divided by d(12).
8
Let k = 14808 - 14600. What is the remainder when 357 is divided by k?
149
Let i = 1 - -3. Let g(p) = 14*p**2 + p - 24. Let m be g(i). Suppose 3*y - 389 = -4*v, -y + 84 = 3*v - m. Calculate the remainder when v is divided by 24.
23
Let n(y) = 7*y + 1386. Let w be n(0). Suppose -23*m = -9*m - w. What is the remainder when m is divided by 34?
31
Suppose 224*s = -7*s + 24717. What is the remainder when s is divided by 21?
2
Let i be (-1)/(-11) - (-1204)/308. Suppose -4*z + z - 5 = -4*p, 2*z + i*p - 30 = 0. What is the remainder w